-5*d. Let r = -2347 + 2349. Suppose r*u - 93 = m. List the prime factors of u.
211
Let n be (-5)/(75/174) + 117/195. Let m(x) = 8*x**2 - 22*x - 1. What are the prime factors of m(n)?
3, 13, 31
Suppose -24*u + 19*u + 16*u = 36135. List the prime factors of u.
3, 5, 73
Let a = -735 - -471. Let l = -119 - a. What are the prime factors of l?
5, 29
Let q(b) = -b**3 - 42*b**2 + 45*b + 86. Let s be q(-43). Suppose -31*j + 7*j + 4656 = s. List the prime factors of j.
2, 97
Let a(m) = 7*m**2 - 64*m + 12. Let x be a(9). Suppose 3*c = 4*z + 1026, x*z = -5*c - 0*z + 1710. List the prime factors of c.
2, 3, 19
Let k be 56/1*(-155)/(-10). Suppose -5*q - 186 = i - 2312, 2*q - 4*i - k = 0. What are the prime factors of q?
2, 3, 71
Suppose 16 = -14*s + 184. Suppose s*y + 16104 = 34*y. What are the prime factors of y?
2, 3, 61
Let m(s) = -7*s - 60. Let x be m(-6). List the prime factors of (-5602)/x - (-36)/(-162).
311
Let n = 9592 - -2162. List the prime factors of n.
2, 3, 653
Suppose -83*m + 163300 + 156244 = 100756. List the prime factors of m.
2, 659
Let v = -5940 - -9167. What are the prime factors of v?
7, 461
What are the prime factors of 2 - (5 + 1 + -9)/((-6)/(-28760))?
2, 3, 17, 47
Let c be (-3)/2*70/(-21). Let r(q) = q**3 - 5*q**2 + 3*q + 9. What are the prime factors of r(c)?
2, 3
Suppose -39487 = -33*d + 53144. Suppose 1 = v, 2*v = 3*a + v - d. List the prime factors of a.
2, 3, 13
Let s(q) = -q. Let k(h) = 5*h + 5. Let u(v) = -k(v) - 2*s(v). Let w be u(-3). Suppose 4*j - 5*g = 6*j - 17, w*g + 20 = 0. What are the prime factors of j?
3, 7
Suppose 13*u = 3*u - 41*u + 213792. List the prime factors of u.
2, 131
Suppose -6*c = -15*c - 18. Let d be 9/3*c/(-6)*10. Suppose 883 = d*g - 397. List the prime factors of g.
2
What are the prime factors of 744/(-192) - -4 - (-123022)/16?
3, 11, 233
Let q = 24 - 41. Let r = -23 - q. List the prime factors of (-2)/12*-2 + (-514)/r.
2, 43
Suppose -79*f = -57*f - 80080. List the prime factors of f.
2, 5, 7, 13
Let l(q) = -21*q + 126. Let a be l(6). Suppose a = -2*g + 191 + 151. List the prime factors of g.
3, 19
Suppose 0 = -3*f - 324*q + 328*q + 124200, -2*f + 82808 = -4*q. List the prime factors of f.
2, 13, 199
Let g(r) = r**2 - 15*r - 14. Let x be g(16). Suppose 28 = 2*i + t, x*i - 4*t - 13 - 15 = 0. List the prime factors of i/(-63) - (-1066)/18.
59
Let i be (-377)/(-116) + 5/(-4). Let t(d) = 202*d**2 + 17*d - 40. List the prime factors of t(i).
2, 401
Let x = -2 + 10. Suppose -3*q - x = t, -3*t + 4 - 6 = -2*q. What are the prime factors of q/9 - ((-36800)/(-45))/(-8)?
2, 3, 17
Let l(p) = -80*p**2 + 4564. What are the prime factors of l(0)?
2, 7, 163
Let b = -8606 + 16297. What are the prime factors of b?
7691
Suppose 744*n + 5*x + 58031 = 745*n, -2*n - 5*x = -116107. What are the prime factors of n?
2, 29023
Suppose 8*y = 11*y - 36. Suppose -25*b + y*b = 1768. Let r = 32 - b. List the prime factors of r.
2, 3, 7
Let m(j) = -12*j + 1 - 76 + 38 - 72. What are the prime factors of m(-12)?
5, 7
Let a be 80/36 + 12/(-54) - 1. Suppose -4*n = 2*f - 1718, n + f + 1703 = 5*n. List the prime factors of ((-2)/(-8))/a - n/(-4).
107
Let o(c) = 7*c + 107. Let i be o(-7). Let s = 75 - 128. Let z = s + i. What are the prime factors of z?
5
Let h(p) = -5*p**3 + 3*p**2 + p - 4. Let z(t) = t**3 - t**2. Let c(v) = h(v) + 4*z(v). Let l be c(-2). Let j = 41 - l. List the prime factors of j.
43
Suppose l - 1253 - 6347 = 4*j, -3*l = -j - 22888. What are the prime factors of l?
2, 3, 53
Suppose 5*m - 5643 + 29155 = 3*d, -4*d - 2*m + 31384 = 0. List the prime factors of d.
2, 37, 53
List the prime factors of (((-2)/(-9))/(11/194898))/((-8)/(-12)).
2, 2953
Let u = 5997 - -1731. Suppose -316*q + 324*q = u. List the prime factors of q.
2, 3, 7, 23
Let a(c) = -c**3 + 11*c**2 + 13*c + 5. Let i be a(12). Let f(d) = -27*d - 29 + i*d + 18*d. List the prime factors of f(12).
67
Let y = 4712 + 44. List the prime factors of y.
2, 29, 41
Let l(a) = -5368*a**3 - 2*a**2 - 13*a - 13. List the prime factors of l(-1).
2, 2683
Let l = 35 + -30. Suppose 0 = l*i - 9 - 31. What are the prime factors of (4/6)/(i/636)?
53
Let w(n) = n**3 - 6*n**2 + 2. Let v be w(6). Suppose -3*p - 2*a = v*p - 40, 0 = 3*a. Suppose -p = -5*x + 22. List the prime factors of x.
2, 3
Suppose -v + 2 = 4*u - 6*v, 3*u = 3*v. List the prime factors of 1624/(-14)*(3 + (u - 3)).
2, 29
Let l be 8/(5 + -1) + 1398. Suppose u = -6*u + l. Suppose -u*r + 196*r + 640 = 0. List the prime factors of r.
2, 5
Suppose -p - 10 - 15 = -2*t, 35 = 2*t - 3*p. Suppose 4763 = -t*z + 20943. List the prime factors of z.
2, 809
Let d = 58 + -56. Let r = -39 - -74. Suppose -d*c - 70 = -2*o + c, -r = -o - c. List the prime factors of o.
5, 7
Let f(d) = 13*d**2 + 6*d + 9. Let b be f(-3). List the prime factors of -20*34/(-6)*b/45.
2, 17
Let p(i) = 33*i**2 - 10*i + 2. Let z be p(-7). Let w = z + 1978. What are the prime factors of (-2)/(-3) + w/57?
5, 13
List the prime factors of ((-3453)/4)/((-93)/620) + (0 - -5).
2, 3, 5
Let j be 2 + 8/((-8)/2)*1. Suppose j = -5*u + 350 + 1290. What are the prime factors of u?
2, 41
Suppose -280059 - 125085 = -72*a. What are the prime factors of a?
17, 331
Suppose 119*b - k = 121*b - 15877, -5*b = -3*k - 39687. What are the prime factors of b?
2, 3, 7
Let m(i) = -9*i**3 - 3*i**2 - 5*i + 30. Suppose -115 + 200 = -17*j. What are the prime factors of m(j)?
5, 13, 17
Suppose -5*f + 3*l = -f - 196075, 0 = -2*l + 14. List the prime factors of f.
2, 383
Let f(j) = 72*j**2 + 249*j + 4286. List the prime factors of f(-16).
2, 17, 19, 29
Let u(s) = -3482*s - 7945. What are the prime factors of u(-24)?
47, 1609
Let h(y) = -y**3 - 5*y**2 + 6*y + 30. Let g be h(-5). Suppose g = -152*i + 161*i - 5139. What are the prime factors of i?
571
Let y(v) = -229*v**3 + 1. Let h(f) = 6*f + 11. Let d be h(-2). What are the prime factors of y(d)?
2, 5, 23
Suppose -3*z - i + 188 = 0, -15*z + 14*z - 3*i = -76. Let k(t) = 20*t - 8. Let v be k(6). Let h = v - z. List the prime factors of h.
3, 17
Let g be (-523)/3 - (-28)/(-42). Let q = g - -473. Suppose 15*y - 1408 = -q. What are the prime factors of y?
2, 37
Suppose -8*d = -1336 - 568. Let v = 605 - d. What are the prime factors of v?
367
What are the prime factors of -3243*((-6720)/(-72))/(-8)?
5, 7, 23, 47
Let q(c) be the first derivative of -c**3/3 - 4*c**2 + 14*c + 48. Suppose -j = -4*r + 2*j - 36, -3*j - 9 = r. List the prime factors of q(r).
5
Let x be (((-2)/(-6))/1)/((-2)/(-6)). Let b be ((-3)/(-5))/(x/5). Suppose 2*t - 49 = -z, -b*t - 3*z + 91 = -5*z. What are the prime factors of t?
3
Let d = 97 - 95. Suppose 290 = d*m - 0*m. Suppose -5*z - m = -0*n - 2*n, 5*z = -5. List the prime factors of n.
2, 5, 7
Let m(s) = s**3 + 37*s**2 - 85*s - 307. Let d be m(-39). Let w = 172 - 244. What are the prime factors of w/d + (-24)/204 - -262?
2, 3, 11
Let x(j) = j**3 + 10*j**2 - j + 10. List the prime factors of x(10).
2, 5
Let k(q) = -6*q + 12*q - 2*q + 87 - q. What are the prime factors of k(-7)?
2, 3, 11
Let m(d) be the second derivative of 175*d**4/12 - d**3/6 + 3*d + 4. List the prime factors of m(-1).
2, 11
Suppose -2*j + 228 = -6*j. Let g = j - -17. List the prime factors of (-2 - g)*(6/(-3))/(-2).
2, 19
Let u(p) = 8*p**2 + 6*p - 77. Let z = -346 - -356. What are the prime factors of u(z)?
3, 29
Let p be (-170)/(-15) + 1/(-3). Suppose p*z + 19 - 129 = 0. What are the prime factors of (0 + 0 - 11)/((-5)/z)?
2, 11
Let a(q) = 10*q - 22. Let t be a(3). Suppose -t*d - 330 + 3586 = 0. List the prime factors of d.
11, 37
Let c(o) = -14*o + 5*o + 5*o + 7 + 8*o. Let x be c(17). Suppose -x*r + 580 = -70*r. List the prime factors of r.
2, 29
Suppose x - 27646 - 46561 = 0. List the prime factors of x.
7, 10601
Let z = -39 + 44. Suppose 5*u - z*d = 0, 2*d = -u + 13 - 4. Suppose -2*p - 5*k + 157 = 0, u*k + 3 = 18. List the prime factors of p.
2, 3, 11
Suppose 0 = 25*a + 87 + 63. What are the prime factors of -95*(a + (-126)/(-35))?
2, 3, 19
Suppose 146*n = -16407 + 249715. List the prime factors of n.
2, 17, 47
Suppose 4*w - 83*i - 225576 = -88*i, 5*i = 3*w - 169182. List the prime factors of w.
2, 3, 13, 241
Let c = 61 + -49. Suppose -c = 3*f + 3*x, -2*f - x + 0 = 4. Suppose f = y + 3*y - 516. What are the prime factors of y?
3, 43
Let r = 33499 - 19446. 